w + c*w - 1361 = o. List the prime factors of w.
3, 7, 13
Suppose 28*a - 182142 = 13081 + 107709. What are the prime factors of a?
31, 349
Let c(n) = -n**3 + 7*n**2 - 3*n - 4. Let r be c(6). Let b = 23 + r. Suppose j = -17 + b. List the prime factors of j.
2, 5
What are the prime factors of ((-4)/(-48))/((-6)/16) - (-1121458)/18?
62303
Suppose -211135 = -3*v + y, 24659 = v + 2*y - 45724. List the prime factors of v.
70379
Suppose -53*g - 3*v = -57*g + 4261, v + 3 = 0. What are the prime factors of g?
1063
Let x(f) = -8*f - 34. Let z be x(-8). Suppose -z*b = -25*b - 295. What are the prime factors of b?
59
Suppose 1295*g = 1287*g. Suppose -v + 4*p - 6*p + 138 = 0, 2*v + 5*p - 277 = g. List the prime factors of v.
2, 17
Let g(s) = -s**2 - 26*s - 119. Let k be g(-7). List the prime factors of 9244/k + (216/28 - 8).
2, 3, 5, 11
What are the prime factors of (-3)/((-15)/35) + (-34950)/(-9)*6?
3, 17, 457
Let l(c) be the second derivative of 23*c**3/3 - 5*c**2 + 33*c. Let q be l(3). Suppose 4*h - 507 - 47 = -a, -h + q = -5*a. What are the prime factors of h?
2, 3, 23
Let l(t) = 2*t**3 - 21*t**2 - 163*t - 28. What are the prime factors of l(26)?
2, 5, 1669
Suppose 3*x + 49 = 2*h - 2*x, -4*h = 5*x - 83. Suppose 0 = -h*p + 15*p - 3269. Let t = -278 - p. What are the prime factors of t?
3, 7
Suppose 0 = -t + g + 326, g - 1374 = -4*t - 60. Let n = 442 + -227. Let k = t - n. What are the prime factors of k?
113
Let n = 128 + -122. What are the prime factors of (4 - 7)/n - (-858)/4?
2, 107
Suppose -138397 + 51453 = -13*f. What are the prime factors of f?
2, 11, 19
Let p = 37 - 29. Suppose -138 - 46 = -p*m. Suppose m*z = 24*z - 18. List the prime factors of z.
2, 3
Suppose 3 = z, 4*z + 20 = -2*q - 2*q. Let c(n) = -27*n - 25. Let r(s) = -40*s - 38. Let t(b) = -7*c(b) + 5*r(b). List the prime factors of t(q).
73
Let c(x) = 0 - 1 + 58*x**2 - 4*x**3 - 57*x**2. List the prime factors of c(-2).
5, 7
Suppose -j - 32 = -2. Let c = -3 - 52. Let g = j - c. List the prime factors of g.
5
Suppose 3 = -9*l - 42, 5*l - 6833 = -k. What are the prime factors of k?
2, 3, 127
Let f(w) = 85*w**3 - 29*w**2 + 259*w + 20. What are the prime factors of f(7)?
29567
Suppose -4*v + 8*r + 22360 = 10*r, 12 = 3*r. List the prime factors of v.
2, 11, 127
Let k be (-10 + 117)/(3/(3 + 0)). List the prime factors of k - 3 - 11/(11/(-4)).
2, 3
Let u(c) = -22*c - 37. Let l be u(-2). Let j(v) = 6*v**3 - 14*v**2 + 5*v + 35. List the prime factors of j(l).
2, 7, 103
Suppose 435*n = 466*n - 33170. List the prime factors of n.
2, 5, 107
Let h(b) = 3*b + 20. Let i be h(-6). Let c(d) = 0*d**2 + 81*d**i + 16*d**2. List the prime factors of c(1).
97
Let s(g) = 20*g**2 - 8*g + 10. Let w be s(4). Suppose 5*d - 122 = -5*m + w, -3*d - 301 = -4*m. What are the prime factors of m?
79
Let w = 146 - 144. What are the prime factors of (-6)/(-33) + ((-26328)/(-33) - w)?
2, 199
Let b(i) = i**2 + 9*i - 25. Let m(k) = -k + 3. Let p be m(15). Let h be 12/(p/4) + -9. List the prime factors of b(h).
3
Let d(o) = 172*o + 698. What are the prime factors of d(71)?
2, 5, 1291
What are the prime factors of (85 + 183)*((-265)/(-2))/5?
2, 53, 67
Let d be 2764/(-16)*12/(-3) - 0. Suppose 0 = 13*l - 2572 - d. What are the prime factors of l?
251
Let w(o) = 83*o + 68. Let u be w(19). Suppose -2*v + b + 823 = 0, -4*v + b + 2*b = -u. List the prime factors of v.
2, 103
Suppose 58*k + 7 = 57*k, 16530 = q - 3*k. List the prime factors of q.
3, 5503
Let b(d) = d**2 - 11. Let j be b(4). Suppose -j = v, 5*v + 2107 = 4*g + 6*v. What are the prime factors of g?
2, 3, 11
Suppose 14 = f + 3*h, 3*h - 5 = 2*h. Let c be (f/2 - 1)/((-45)/300). Suppose 4*b + 846 = c*b. What are the prime factors of b?
3, 47
Suppose 1228*n = 1294*n - 1132296. What are the prime factors of n?
2, 4289
Suppose -n - 1 = -4. Suppose n*u = -30 + 12. Let o(m) = -13*m + 7. List the prime factors of o(u).
5, 17
Let j be (-3)/(-4) - (-924)/(-16). Let m = 62 + j. Suppose o = 5*n - 2*o - 73, 31 = 3*n - m*o. List the prime factors of n.
17
Let j(m) = -m**3 + 5*m**2 + 5*m + 3. Let n be j(5). Let f be 1*12*21/n. List the prime factors of 2/(-6) - (-849)/f.
2, 47
Suppose 443 = -12*w - 289. Let p = -51 + w. Let y = 387 + p. List the prime factors of y.
5, 11
Let b be 4 + (-2 - (-2 - -4)). Suppose -30*j + 39*j - 405 = b. List the prime factors of j.
3, 5
Let f(u) be the first derivative of -2*u**3/3 + u**2 + 125*u + 29. Suppose 16*l - 18*l = 0. What are the prime factors of f(l)?
5
Suppose -4*u = -11*u + 70. What are the prime factors of 0 + 1 + (9120/u)/8?
5, 23
Let h be 40/(-3)*18/(-15). Let o be 1/4 - (-966)/552. What are the prime factors of 974/8 + o + (-44)/h?
11
Let b = 153 + -138. Let i = 48 + b. What are the prime factors of i?
3, 7
Let q(k) = -k**3 - 15*k**2 + 62*k - 241. What are the prime factors of q(-30)?
11399
Let w be 1/2 + (-52)/(-8). Suppose 1020 = -w*s + 24*s. What are the prime factors of s?
2, 3, 5
Let j be 1*-3*(144/27 - 7). Suppose 0 = -j*u + z + 3318, -4*z - 656 = 4*u - 3296. List the prime factors of u.
3, 13, 17
Suppose 4*n = 140*p - 137*p + 30711, -4*p - 23028 = -3*n. What are the prime factors of n?
2, 3, 5
Suppose -4*y + 15*y + 110 = 0. Let x be (-15)/y - (-1)/2. Suppose -4*d + 3*w - 5 = -74, -4*w - 42 = -x*d. List the prime factors of d.
3, 5
Let w(j) be the second derivative of 7*j**5/15 - j**4/12 - j**3/6 - 6*j**2 + 5*j. Let q(g) be the first derivative of w(g). What are the prime factors of q(2)?
107
Let b = -31938 - -62195. List the prime factors of b.
79, 383
Suppose 0 = -v + 4*m - 7*m + 1558, -4*v - 5*m + 6225 = 0. Let p be (-6)/(-4) + 10/140*49. What are the prime factors of p*(v/25 + -2)?
7, 43
Suppose 1 + 1 = 2*q - r, 2*q - 8 = -2*r. Suppose 102 = q*x - x - 2*z, -2*x + 5*z = -207. Suppose 24 - x = -w. What are the prime factors of w?
2, 3
Suppose 5*j = -4*i + 4979, -i + 4*j - 4980 = -5*i. Let w = i - 872. What are the prime factors of w?
2, 11, 17
Let j(r) = -1384*r - 4856. List the prime factors of j(-12).
2, 13, 113
List the prime factors of (3 - 11549)*(-28)/56.
23, 251
Suppose -2*t = 5*c - 34896, 32*c - 17448 = -t + 30*c. List the prime factors of t.
2, 3, 727
Suppose 0 = -36*h + 60*h - 80304. What are the prime factors of h?
2, 7, 239
Suppose 3*s + 6*v - 6897 = 0, 7*s + 6843 = 10*s - 3*v. What are the prime factors of s?
2287
Let f(n) be the first derivative of 7*n**2/2 - 27*n + 1. Let v = 5679 - 5661. What are the prime factors of f(v)?
3, 11
Let d be (3 + -4 - -4)/1. Suppose -4*n + 13 = 4*w + 1, 2*w + d*n - 4 = 0. Suppose -4*u - 146 = -z - z, 0 = 5*z - w*u - 365. What are the prime factors of z?
73
Let q(z) = 9*z - 25. Let f = 19 + -16. Let n be q(f). Suppose 3*w + 15 = 0, 335 = -c + 6*c + n*w. What are the prime factors of c?
3, 23
Suppose 6 = 6*f - 30. List the prime factors of (-2)/f - (-6905)/15.
2, 5, 23
Suppose -c = -8*c + 49. Let d be (21/6)/(-7)*(1 - c). Suppose 0*v = d*v - 222. List the prime factors of v.
2, 37
Suppose -160 = -2*l - 196. Let i be -6*(-2 - -1 - -2). List the prime factors of ((-3)/(9/(-167)))/(i/l).
167
Let o(h) = -25*h**2 + 28 + 21*h + 46*h**2 - 18*h. What are the prime factors of o(6)?
2, 401
Suppose -6 = 5*t + 4. Let v be t - (-2 - 1/2*6). Suppose -290 = -v*b + 139. List the prime factors of b.
11, 13
Suppose 0 = 81*g - 80*g - 1, -5*n = -5*g - 203180. What are the prime factors of n?
40637
Let w(n) = -n**3 + 18*n**2 + 5*n + 4. Let a be w(20). Let m = -230 - a. What are the prime factors of m?
2, 233
Suppose 0 = -r + 868 + 532. Suppose 6*u = -u + r. What are the prime factors of u?
2, 5
Let r be -1 + 7 + (4 - 7). Suppose -3 = -r*g + 54. List the prime factors of g.
19
Suppose 3*j - 9 = 0, 0 = -0*k + k - j - 348. Suppose -3*q - k = 3*z, -3*z + 4*q = 2*q + 366. Let f = z - -180. What are the prime factors of f?
2, 3, 5
Let z = 182 - -3839. What are the prime factors of z?
4021
List the prime factors of (-30835)/(-3) + (9/(-4) - 455/(-156)).
19, 541
Suppose -a = 28 - 32. Suppose -3*k + 5*k = 3*j + 343, 661 = a*k - j. List the prime factors of k.
2, 41
Let k(p) = -244*p + 732. List the prime factors of k(-54).
2, 3, 19, 61
Let r(t) = -7*t. Let s be r(1). Let b(a) = a**2 + 109*a**3 - 55*a**3 - 53*a**3 - 9 + a + 10*a**2. What are the prime factors of b(s)?
2, 3, 5
Let f(m) = -m**3 - m + 11. Let y be f(0). S